0. Calculate the remainder when q(-3) is divided by 34.
19
Suppose 0 = 10*b - 3*b. Suppose -j + 191 - 19 = b. What is the remainder when 84 is divided by ((1/1)/2)/(2/j)?
41
Let w(o) = o + 11. Let j be w(-12). Calculate the remainder when 132 is divided by (43 - 23)*j/(-2).
2
Suppose 14*j + 140 - 112 = 0. What is the remainder when (-3)/j*(-53 + 79) is divided by 10?
9
Let w = 4847 - 4792. What is the remainder when 1153 is divided by w?
53
Suppose 0 = 11*f - 7*f - 568. Let b(r) = -13*r + 289. What is the remainder when f is divided by b(21)?
14
Let y be ((-246)/(-205))/(6/10). Calculate the remainder when ((306/15)/y)/((-12)/(-60)) is divided by 6.
3
Let m(r) = -2*r + 24. Suppose 6*y - 491 = 403. Calculate the remainder when y is divided by m(-7).
35
Let y be (0 - -8)/1 - 2. Suppose 3*n + 43 = 5*f - y, 2*f - 4*n = 28. Let c(b) = 4*b + 34. What is the remainder when c(-4) is divided by f?
2
Let q(t) = 4*t**2 + 10*t + 27. What is the remainder when q(5) is divided by 18?
15
Suppose 3*n - 3*k = 921, 4*n = -338*k + 340*k + 1222. What is the remainder when n is divided by 292?
12
Suppose 32*w + 0*w - 178 + 50 = 0. Let g = 14 - 15. What is the remainder when -26*(0 + g/2) is divided by w?
1
Calculate the remainder when 93 is divided by (114/(-20))/(25/(-250)).
36
Let i = -917 + 584. What is the remainder when ((23 - 0)*-2)/(74/i) is divided by 19?
17
Suppose 56*b - 902 = 15*b. Let r = 84 - 32. What is the remainder when r is divided by b?
8
Let t(u) = -126*u - 8850. What is the remainder when t(-72) is divided by 3?
0
Let o(r) = -r**3 + 21*r**2 - 35*r + 8. Suppose u + 5*i = -4 - 2, 5*i - 13 = -2*u. Calculate the remainder when o(u) is divided by 24.
17
Suppose -4*i + 9 = 4*j + 5, 2*i = j - 16. What is the remainder when 1654 is divided by j?
4
Let a(m) = -518*m - 5018. What is the remainder when 1087 is divided by a(-10)?
115
Suppose 2*p + 2*p = -2*x + 10, -3*p + 18 = 3*x. Suppose -b = -3*j - 31 + x, -4*b + 2*j = -86. Calculate the remainder when 122 is divided by b.
17
Suppose -7*y + 894 = -891. What is the remainder when y is divided by 26?
21
Suppose -p - 61 + 1904 = 5*w, -2*w + 730 = 4*p. Calculate the remainder when w is divided by 3/((-21)/(-866)) - (198/42 + -5).
121
Let n = -19161 + 19296. Calculate the remainder when n is divided by 133.
2
What is the remainder when (-2)/(-4) - ((-7170)/(-8))/(3/(-2)) is divided by 44?
26
Suppose -2*y + 940 = 1671*f - 1673*f, 12 = f. Suppose -5*m + 83 = 28. Calculate the remainder when y is divided by m.
9
Suppose 0 = u - 19 - 8. Suppose 4*f - 24 = -2*f. What is the remainder when (f/(-8)*-2)/((-4)/(-404)) is divided by u?
20
Suppose -8*u + 16895 = -16049. Calculate the remainder when u is divided by 103.
101
Let b(g) = g**3 - g - 2. Suppose j - a = 14, 15*j - 3*a = 13*j + 28. Calculate the remainder when 2 + j + 3 + 3 is divided by b(2).
2
Suppose -2340*f - 2*x - 38 = -2345*f, -x - 37 = -4*f. Let n(l) = -5*l + 1. Let o be n(2). What is the remainder when 2/o - (-1030)/18 is divided by f?
9
Suppose 2*u = 10*u - 248. Let s = u - 31. Let z(l) = l**3 - 2*l**2 - 2*l + 68. What is the remainder when z(s) is divided by 35?
33
What is the remainder when 984 is divided by (3/18 + (-15)/(-90))/(3/495)?
49
Let o = 0 - -1. Let q be 190/25 - 16/(-40). Calculate the remainder when 21*q/120*5 is divided by o.
0
Let a = 58 + -52. Suppose -2 - a = 4*n. Calculate the remainder when ((-261)/(-18))/(n/(-4)) is divided by 10.
9
Let g = 17 + -92. Let t = -3667 - -3759. Let z = g + t. What is the remainder when 81 is divided by z?
13
Let u = 9834 - 9826. Calculate the remainder when 1223 is divided by u.
7
What is the remainder when 2119 is divided by 9 + 39/(351/450)?
54
Let v(b) = -9*b - 12. Let g be v(0). Let o = g + 34. Calculate the remainder when 193 is divided by o.
17
Let j be (-1 - -1) + -4*(-5 + 4). Suppose 82 - 6 = j*l. Calculate the remainder when 32 is divided by l.
13
Suppose -24*c + 35*c = 627. Let m = c - -24. Suppose 0 = 4*s - m - 127. What is the remainder when s is divided by 6?
4
Suppose 0 = 147*b - 5981 - 331 + 579. What is the remainder when 348 is divided by b?
36
Let j = -17 - -22. Suppose -j*b = -u + 81, 0 = -u - 4*u + 3*b + 471. Calculate the remainder when ((u/(-10))/(-3))/((-2)/(-60)) is divided by 11.
8
Suppose 2*n + 3*d - 50 = 0, 3*n - 4*d - 148 = -2*n. Calculate the remainder when ((-1323)/6)/9*-2 is divided by n.
21
Let t = 128 + -66. Let c = -29 + t. Let u = -1636 + 1800. What is the remainder when u is divided by c?
32
Let u = 9424 + -9412. Calculate the remainder when 1503 is divided by u.
3
Suppose 0 = 50*k + 3331 - 12531. Calculate the remainder when k is divided by 72.
40
Suppose 6580*z + 48895 = 6591*z. What is the remainder when z is divided by 13?
12
Let t(r) = 91*r**2 + r + 2. Calculate the remainder when t(-1) is divided by 29.
5
Let a = -2070 - -21624. Calculate the remainder when a is divided by 159.
156
Let z(a) = -17*a + 475. Calculate the remainder when 12845 is divided by z(27).
13
Let b(w) = -3*w**2 + 70*w - 34. What is the remainder when b(18) is divided by 87?
80
Suppose -h + 3*j - 3 = 0, -3*j + 11 = 4*h - 22. Let k(q) = -58*q + 14. Let v be k(h). Calculate the remainder when 107 is divided by 2 + v/(-10) + (-6)/(-10).
35
Let d(a) be the second derivative of 3/2*a**2 + 14*a + 0 - 17/6*a**3. What is the remainder when d(-2) is divided by 10?
7
Let n(q) = 4*q**2 + 505*q + 4918. What is the remainder when 601 is divided by n(-10)?
65
Suppose 8*s - 6*s - 66 = 0. Calculate the remainder when (-213)/(-4) + 1 + 116/(-464) is divided by s.
21
Let l(n) = 2586*n**2 - 366*n - 368. Calculate the remainder when l(-1) is divided by 11.
10
Suppose -14 + 78 = 16*m. Suppose 2*n = -3*l + 4 + 28, -m = -4*n. Let s = 25 + 22. What is the remainder when s is divided by l?
7
Let p(b) = b**2 + 13*b + 33. What is the remainder when 4083 is divided by p(-3)?
0
Let x(b) = -3104*b + 133675. Let m = 0 + 8. Calculate the remainder when x(43) is divided by m.
3
Calculate the remainder when 317 is divided by (270/(-15) - -17)*(42/(-2) - 2).
18
Let j(o) = -237*o**3 - o - 4. Let h be j(-2). Let m = h - 3399. What is the remainder when 2/7 + m/(-49) is divided by 8?
7
Suppose 16*c - 154 = 2*c. Calculate the remainder when 316 is divided by c.
8
Let i(o) = 2*o**3 - 145*o**2 - 222*o + 9. Calculate the remainder when 2033 is divided by i(74).
8
Let n = 70 - -1253. What is the remainder when n is divided by 121?
113
Let o = -76 + 76. Let p(u) = 6*u**2 + u + 263. What is the remainder when p(o) is divided by 44?
43
Suppose -24*v = -23*v - 4. Suppose b = -v, d - 2*b - b - 135 = 0. Calculate the remainder when d is divided by 21.
18
Let t be -5 + (-1)/2*-14. Suppose -2*g + 5*x = g - 222, t*g - 164 = -2*x. What is the remainder when 155 is divided by g?
76
Let u = -292 + -212. What is the remainder when 345/(-138)*u/10 is divided by 34?
24
Let j(h) = 2*h**2 + 94*h + 1096. What is the remainder when j(-36) is divided by 130?
44
Suppose -2*v = 20 - 86. Let j = -8 - -11. What is the remainder when v is divided by (3/(45/(-12)))/(j/(-45))?
9
Let r = 341 + -276. Calculate the remainder when r + (-4 - -12 - 4) is divided by 25.
19
Let b(y) = -5*y + 8. Let a(j) = 4*j + 20. Let n(o) = -2*o - 9. Let g(q) = -6*a(q) - 13*n(q). What is the remainder when b(-4) is divided by g(9)?
13
Let z = -1203 + 1751. Calculate the remainder when z is divided by 3.
2
Let g(s) = -53*s - 817. What is the remainder when g(-23) is divided by 21?
3
Suppose -23*h - 5*a + 975 = -18*h, -3*a = -5*h + 959. Calculate the remainder when h is divided by 66.
61
Suppose 3*s = -2*w + 131, 4*w + 66 = 2*s - 0*w. Let v = 61 + -53. Suppose -2*k - v = 2*k, -116 = -5*d + 3*k. What is the remainder when s is divided by d?
19
Suppose 9840 = 6472*v - 6452*v. What is the remainder when v is divided by 34?
16
Suppose 2*q = 32*f - 29*f - 840, 5*f = -3*q + 1419. What is the remainder when f is divided by 36?
30
Let r = -34 + 53. Let w be (-30)/(-50)*5/1. Suppose 0 = -w*j + 2*j + r. What is the remainder when 30 is divided by j?
11
Calculate the remainder when 560 is divided by (-27 + 12 + -4 - -8)/(-1).
10
Let s be 4/(-7) - (930/(-42))/(-5). Calculate the remainder when ((-105)/(-30))/(s/14)*-5 is divided by 37.
12
Let p be ((-1)/2)/((-2)/128). Suppose 0 = -4*s - 5*c 